{"id":41095,"date":"2025-08-25T17:34:32","date_gmt":"2025-08-25T15:34:32","guid":{"rendered":"https:\/\/www.windmanager.de\/wpd-windmanager-chile\/?page_id=41095"},"modified":"2025-11-10T09:22:47","modified_gmt":"2025-11-10T08:22:47","slug":"politica-de-privacidad","status":"publish","type":"page","link":"https:\/\/www.windmanager.de\/wpd-windmanager-chile\/politica-de-privacidad\/","title":{"rendered":"Pol\u00edtica de Privacidad"},"content":{"rendered":"<p>En wpd windmanager Chile SpA (en adelante la \u201cCompa\u00f1\u00eda\u201d) nos comprometemos a proteger la privacidad de nuestros usuarios y a garantizar la seguridad de sus datos personales. Esta pol\u00edtica de privacidad explica c\u00f3mo recopilamos, utilizamos, almacenamos y protegemos la informaci\u00f3n personal que obtenemos a trav\u00e9s de nuestro sitio web.<\/p>\n<ol>\n<li><strong>Responsable del tratamiento de datos personales<\/strong><\/li>\n<\/ol>\n<p>Seg\u00fan la normativa vigente, el responsable del tratamiento de datos personales es la persona natural o jur\u00eddica, p\u00fablica o privada, que decide sobre los fines y medios del tratamiento. En este caso el responsable del tratamiento de datos personales es wpd windmanager Chile SpA, con domicilio en Jose manso de Velasco 221, Los \u00e1ngeles Biob\u00edo &#8211; OF\u00a0 904 Chile<\/p>\n<ol start=\"2\">\n<li><strong>Informaci\u00f3n que recopilamos<\/strong><\/li>\n<\/ol>\n<p>Cuando visita nuestros sitios web, nuestro servidor web eval\u00faa temporalmente los denominados datos de uso con fines estad\u00edsticos en forma de registro para mejorar la calidad de nuestros sitios web. Este registro de datos consta de<\/p>\n<ul>\n<li>el nombre y la direcci\u00f3n de los contenidos solicitados,<\/li>\n<li>la fecha y la hora de la consulta,<\/li>\n<li>la cantidad de datos transferidos,<\/li>\n<li>el estado de acceso (contenido transferido, contenido no encontrado),<\/li>\n<li>la descripci\u00f3n del navegador web y del sistema operativo utilizados,<\/li>\n<li>el enlace de referencia que indica desde qu\u00e9 p\u00e1gina ha llegado a la nuestra,<\/li>\n<li>la direcci\u00f3n IP del ordenador solicitante, que se abrevia de tal manera que ya no es posible establecer una referencia personal.<\/li>\n<\/ul>\n<p>Los datos de registro mencionados solo se eval\u00faan de forma an\u00f3nima.<\/p>\n<p>El tratamiento se lleva a cabo en el inter\u00e9s leg\u00edtimo de proporcionar el contenido del sitio web y garantizar una visualizaci\u00f3n optimizada para el dispositivo y el navegador.<\/p>\n<ol start=\"3\">\n<li><strong>Uso de Cookies<\/strong><\/li>\n<\/ol>\n<p>Las cookies son peque\u00f1os archivos que se almacenan en el dispositivo del usuario y permiten reconocerlo en futuras visitas. Los usuarios pueden configurar su navegador para rechazar las cookies, aunque esto puede afectar la funcionalidad del sitio.<\/p>\n<p>En nuestra pagina web utilizamos cookies que son necesarias para su funcionamiento. Aqu\u00ed debe distinguirse entre cookies de sesi\u00f3n, que se borran tan pronto como se cierre el navegador, y cookies permanentes, que se almacenan m\u00e1s all\u00e1 de la sesi\u00f3n individual. No utilizamos estas cookies necesarias con fines de an\u00e1lisis, seguimiento o publicidad.<\/p>\n<p>En algunos casos, estas cookies solo contienen informaci\u00f3n sobre determinados ajustes y no son personales. Tambi\u00e9n pueden ser necesarias para permitir la navegaci\u00f3n, la seguridad y el funcionamiento del sitio web.<\/p>\n<p>Puede configurar su navegador para que le informe sobre la instalaci\u00f3n de cookies. Adem\u00e1s, puede eliminarlas en cualquier momento a trav\u00e9s de la configuraci\u00f3n correspondiente del navegador e impedir que se instalen nuevas cookies. Tenga en cuenta que, en ese caso, es posible que nuestra p\u00e1gina web no se muestre completamente y que algunas funciones ya no est\u00e9n disponibles por motivos t\u00e9cnicos. La informaci\u00f3n se almacena por 365 d\u00edas.<\/p>\n<table>\n<tbody>\n<tr>\n<td width=\"150\"><strong>Proveedor<\/strong><\/td>\n<td width=\"256\"><strong>Finalidad<\/strong><\/td>\n<td width=\"189\"><strong>Duraci\u00f3n de almacenamiento<\/strong><\/td>\n<\/tr>\n<tr>\n<td width=\"150\">wpd windmanager GmbH &amp; Co. KG<\/td>\n<td width=\"256\">Almacena la configuraci\u00f3n seleccionada por los visitantes en el cuadro de cookies de Borlabs Cookie. (Gesti\u00f3n del consentimiento)<\/p>\n<p>&nbsp;<\/td>\n<td width=\"189\">365 d\u00edas<\/td>\n<\/tr>\n<\/tbody>\n<\/table>\n<p><strong>MATOMO<\/strong><\/p>\n<p>Para dise\u00f1ar nuestra p\u00e1ginas web de acuerdo con sus necesidades, utilizamos la herramienta de an\u00e1lisis web \u00abMatomo\u00bb. Matomo crea perfiles de uso basados en seud\u00f3nimos. Para ello, se almacenan cookies permanentes en su dispositivo y son le\u00eddas por nosotros. De esta manera, podemos reconocer a los visitantes recurrentes y contarlos como tales.<\/p>\n<p>El tratamiento de los datos se realiza sobre la base de su consentimiento a trav\u00e9s de nuestro banner. Puede revocar su consentimiento en cualquier momento. Para ello, siga este enlace y realice los ajustes correspondientes a trav\u00e9s de nuestro banner.<\/p>\n<p>Las cookies establecidas se eliminan o dejan de procesarse tras 13 meses o tras la revocaci\u00f3n de su consentimiento.<\/p>\n<table>\n<tbody>\n<tr>\n<td width=\"150\"><strong>Cookie<\/strong><\/td>\n<td width=\"256\"><strong>Finalidad<\/strong><\/td>\n<td width=\"189\"><strong>Duraci\u00f3n de almacenamiento<\/strong><\/td>\n<\/tr>\n<tr>\n<td width=\"150\">\u200b_pk_id<\/td>\n<td width=\"256\">Almacena informaci\u00f3n sobre el visitante, incluyendo el ID de usuario.<\/p>\n<p>&nbsp;<\/td>\n<td width=\"189\">393 d\u00edas<\/td>\n<\/tr>\n<tr>\n<td width=\"150\">_pk_ses.<\/td>\n<td width=\"256\">Almacena el origen original (referrer) del visitante en nuestro sitio web.<\/p>\n<p>&nbsp;<\/td>\n<td width=\"189\">1 d\u00eda<\/td>\n<\/tr>\n<\/tbody>\n<\/table>\n<ol start=\"4\">\n<li><strong>Protecci\u00f3n de la informaci\u00f3n<\/strong><\/li>\n<\/ol>\n<p>Tomamos medidas t\u00e9cnicas y organizativas para proteger sus datos de accesos no deseados de la forma m\u00e1s completa posible. Utilizamos un procedimiento de encriptaci\u00f3n en nuestras p\u00e1ginas web. Sus datos se transmiten desde su ordenador a nuestro servidor y viceversa a trav\u00e9s de Internet mediante un cifrado TLS. Por lo general, esto se reconoce porque el s\u00edmbolo del candado aparece cerrado en la barra de estado de su navegador y la barra de direcciones comienza por https:\/\/.<\/p>\n<ol start=\"5\">\n<li><strong>Duraci\u00f3n del almacenamiento<\/strong><\/li>\n<\/ol>\n<p>Salvo que ya hayamos informado detalladamente sobre la duraci\u00f3n del almacenamiento, eliminaremos los datos personales cuando ya no sean necesarios para los fines de tratamiento mencionados anteriormente y no existan intereses leg\u00edtimos u otros motivos (legales) que impidan su eliminaci\u00f3n.<\/p>\n<ol start=\"6\">\n<li><strong>Ejercicio de derechos de datos personales<\/strong><\/li>\n<\/ol>\n<p>Tienes derecho a ejercer en cualquier momento tus Derechos ARCO (Acceso, Rectificaci\u00f3n, Cancelaci\u00f3n o Supresi\u00f3n y, Oposici\u00f3n), por medio de los cuales puedes: i) pedirnos informaci\u00f3n sobre tus datos personales que hayamos recolectado y ejercer tus derechos de rectificaci\u00f3n, cancelaci\u00f3n o supresi\u00f3n, y oposici\u00f3n; y, ii) solicitar que se eliminen o anonimicen tus datos personales. Asimismo, trat\u00e1ndose de tratamiento de datos que realizamos basados en tu consentimiento, puedes siempre revocarlo, en la forma y con el alcance dispuesto en la ley.<\/p>\n<p>En caso de que ejerzas tus derechos de cancelaci\u00f3n o supresi\u00f3n, oposici\u00f3n, y\/o eliminaci\u00f3n o anonimizaci\u00f3n de tus datos personales, cesaremos el tratamiento de \u00e9stos, elimin\u00e1ndolos o anonimiz\u00e1ndolos. Sin embargo, podremos conservar dichos datos, aunque bloqueados, lo que quiere decir que s\u00f3lo podremos acceder a ellos en caso de que su uso sea necesario para cumplir alguna obligaci\u00f3n legal, el ejercicio o defensa de reclamaciones, o pueda derivarse alg\u00fan tipo de responsabilidad judicial, legal o contractual de su tratamiento.<\/p>\n<p>Adem\u00e1s, en determinadas circunstancias, y en conformidad con la normativa aplicable, podr\u00e1s solicitar la portabilidad de tus datos a otro responsable de tratamiento.<\/p>\n<p>Para ejercer cualquiera de estos derechos escr\u00edbenos al correo electr\u00f3nico <strong>windmanager@wpd.cl.<\/strong><\/p>\n<ol start=\"7\">\n<li><strong>Cambios en esta pol\u00edtica<\/strong><\/li>\n<\/ol>\n<p>Podemos actualizar esta pol\u00edtica de privacidad ocasionalmente. Cualquier cambio ser\u00e1 publicado en esta p\u00e1gina con la fecha de la \u00faltima actualizaci\u00f3n.<\/p>\n<ol start=\"8\">\n<li><strong>Contacto<\/strong><\/li>\n<\/ol>\n<p>Si tienes preguntas o inquietudes sobre nuestra pol\u00edtica de privacidad, por favor cont\u00e1ctanos a: <strong>windmanager@wpd.cl<\/strong><strong>. <\/strong><\/p>\n<p>&nbsp;<\/p>\n<p>\u00daltima actualizaci\u00f3n: Agosto 2025<\/p>\n","protected":false},"excerpt":{"rendered":"En wpd windmanager Chile SpA (en adelante la \u201cCompa\u00f1\u00eda\u201d) nos comprometemos a proteger la privacidad de nuestros usuarios y a garantizar la seguridad de sus datos personales. Esta pol\u00edtica de privacidad explica c\u00f3mo recopilamos, utilizamos, almacenamos y protegemos la informaci\u00f3n personal que obtenemos a trav\u00e9s de nuestro sitio web. Responsable del tratamiento de datos personales&#8230; <a class=\"view-article\" href=\"https:\/\/www.windmanager.de\/wpd-windmanager-chile\/politica-de-privacidad\/\">Ver art\u00edculo<\/a>","protected":false},"author":2,"featured_media":0,"parent":0,"menu_order":0,"comment_status":"closed","ping_status":"closed","template":"","meta":{"_acf_changed":false,"footnotes":""},"class_list":["post-41095","page","type-page","status-publish","hentry"],"acf":[],"yoast_head":"<!-- This site is optimized with the Yoast SEO plugin v27.6 - https:\/\/yoast.com\/product\/yoast-seo-wordpress\/ -->\n<title>Pol\u00edtica de Privacidad - wpd windmanager<\/title>\n<meta name=\"robots\" content=\"index, follow, max-snippet:-1, max-image-preview:large, max-video-preview:-1\" \/>\n<link rel=\"canonical\" href=\"https:\/\/www.windmanager.de\/wpd-windmanager-chile\/politica-de-privacidad\/\" \/>\n<meta property=\"og:locale\" content=\"es_ES\" \/>\n<meta property=\"og:type\" content=\"article\" \/>\n<meta property=\"og:title\" content=\"Pol\u00edtica de Privacidad - wpd windmanager\" \/>\n<meta property=\"og:description\" content=\"En wpd windmanager Chile SpA (en adelante la \u201cCompa\u00f1\u00eda\u201d) nos comprometemos a proteger la privacidad de nuestros usuarios y a garantizar la seguridad de sus datos personales. Esta pol\u00edtica de privacidad explica c\u00f3mo recopilamos, utilizamos, almacenamos y protegemos la informaci\u00f3n personal que obtenemos a trav\u00e9s de nuestro sitio web. Responsable del tratamiento de datos personales... Ver art\u00edculo\" \/>\n<meta property=\"og:url\" content=\"https:\/\/www.windmanager.de\/wpd-windmanager-chile\/politica-de-privacidad\/\" \/>\n<meta property=\"og:site_name\" content=\"wpd windmanager Chile\" \/>\n<meta property=\"article:modified_time\" content=\"2025-11-10T08:22:47+00:00\" \/>\n<meta name=\"twitter:card\" content=\"summary_large_image\" \/>\n<meta name=\"twitter:label1\" content=\"Tiempo estimado de lectura\" \/>\n\t<meta name=\"twitter:data1\" content=\"5 minutos\" \/>\n<script type=\"application\/ld+json\" class=\"yoast-schema-graph\">{\"@context\":\"https:\\\/\\\/schema.org\",\"@graph\":[{\"@type\":\"WebPage\",\"@id\":\"https:\\\/\\\/www.windmanager.de\\\/wpd-windmanager-chile\\\/politica-de-privacidad\\\/\",\"url\":\"https:\\\/\\\/www.windmanager.de\\\/wpd-windmanager-chile\\\/politica-de-privacidad\\\/\",\"name\":\"Pol\u00edtica de Privacidad - wpd windmanager\",\"isPartOf\":{\"@id\":\"https:\\\/\\\/www.windmanager.de\\\/wpd-windmanager-chile\\\/#website\"},\"datePublished\":\"2025-08-25T15:34:32+00:00\",\"dateModified\":\"2025-11-10T08:22:47+00:00\",\"breadcrumb\":{\"@id\":\"https:\\\/\\\/www.windmanager.de\\\/wpd-windmanager-chile\\\/politica-de-privacidad\\\/#breadcrumb\"},\"inLanguage\":\"es-CL\",\"potentialAction\":[{\"@type\":\"ReadAction\",\"target\":[\"https:\\\/\\\/www.windmanager.de\\\/wpd-windmanager-chile\\\/politica-de-privacidad\\\/\"]}]},{\"@type\":\"BreadcrumbList\",\"@id\":\"https:\\\/\\\/www.windmanager.de\\\/wpd-windmanager-chile\\\/politica-de-privacidad\\\/#breadcrumb\",\"itemListElement\":[{\"@type\":\"ListItem\",\"position\":1,\"name\":\"Home\",\"item\":\"https:\\\/\\\/www.windmanager.de\\\/wpd-windmanager-chile\\\/\"},{\"@type\":\"ListItem\",\"position\":2,\"name\":\"Pol\u00edtica de Privacidad\"}]},{\"@type\":\"WebSite\",\"@id\":\"https:\\\/\\\/www.windmanager.de\\\/wpd-windmanager-chile\\\/#website\",\"url\":\"https:\\\/\\\/www.windmanager.de\\\/wpd-windmanager-chile\\\/\",\"name\":\"wpd windmanager Chile\",\"description\":\"\",\"potentialAction\":[{\"@type\":\"SearchAction\",\"target\":{\"@type\":\"EntryPoint\",\"urlTemplate\":\"https:\\\/\\\/www.windmanager.de\\\/wpd-windmanager-chile\\\/?s={search_term_string}\"},\"query-input\":{\"@type\":\"PropertyValueSpecification\",\"valueRequired\":true,\"valueName\":\"search_term_string\"}}],\"inLanguage\":\"es-CL\"}]}<\/script>\n<!-- \/ Yoast SEO plugin. -->","yoast_head_json":{"title":"Pol\u00edtica de Privacidad - wpd windmanager","robots":{"index":"index","follow":"follow","max-snippet":"max-snippet:-1","max-image-preview":"max-image-preview:large","max-video-preview":"max-video-preview:-1"},"canonical":"https:\/\/www.windmanager.de\/wpd-windmanager-chile\/politica-de-privacidad\/","og_locale":"es_ES","og_type":"article","og_title":"Pol\u00edtica de Privacidad - wpd windmanager","og_description":"En wpd windmanager Chile SpA (en adelante la \u201cCompa\u00f1\u00eda\u201d) nos comprometemos a proteger la privacidad de nuestros usuarios y a garantizar la seguridad de sus datos personales. Esta pol\u00edtica de privacidad explica c\u00f3mo recopilamos, utilizamos, almacenamos y protegemos la informaci\u00f3n personal que obtenemos a trav\u00e9s de nuestro sitio web. Responsable del tratamiento de datos personales... Ver art\u00edculo","og_url":"https:\/\/www.windmanager.de\/wpd-windmanager-chile\/politica-de-privacidad\/","og_site_name":"wpd windmanager Chile","article_modified_time":"2025-11-10T08:22:47+00:00","twitter_card":"summary_large_image","twitter_misc":{"Tiempo estimado de lectura":"5 minutos"},"schema":{"@context":"https:\/\/schema.org","@graph":[{"@type":"WebPage","@id":"https:\/\/www.windmanager.de\/wpd-windmanager-chile\/politica-de-privacidad\/","url":"https:\/\/www.windmanager.de\/wpd-windmanager-chile\/politica-de-privacidad\/","name":"Pol\u00edtica de Privacidad - wpd windmanager","isPartOf":{"@id":"https:\/\/www.windmanager.de\/wpd-windmanager-chile\/#website"},"datePublished":"2025-08-25T15:34:32+00:00","dateModified":"2025-11-10T08:22:47+00:00","breadcrumb":{"@id":"https:\/\/www.windmanager.de\/wpd-windmanager-chile\/politica-de-privacidad\/#breadcrumb"},"inLanguage":"es-CL","potentialAction":[{"@type":"ReadAction","target":["https:\/\/www.windmanager.de\/wpd-windmanager-chile\/politica-de-privacidad\/"]}]},{"@type":"BreadcrumbList","@id":"https:\/\/www.windmanager.de\/wpd-windmanager-chile\/politica-de-privacidad\/#breadcrumb","itemListElement":[{"@type":"ListItem","position":1,"name":"Home","item":"https:\/\/www.windmanager.de\/wpd-windmanager-chile\/"},{"@type":"ListItem","position":2,"name":"Pol\u00edtica de Privacidad"}]},{"@type":"WebSite","@id":"https:\/\/www.windmanager.de\/wpd-windmanager-chile\/#website","url":"https:\/\/www.windmanager.de\/wpd-windmanager-chile\/","name":"wpd windmanager Chile","description":"","potentialAction":[{"@type":"SearchAction","target":{"@type":"EntryPoint","urlTemplate":"https:\/\/www.windmanager.de\/wpd-windmanager-chile\/?s={search_term_string}"},"query-input":{"@type":"PropertyValueSpecification","valueRequired":true,"valueName":"search_term_string"}}],"inLanguage":"es-CL"}]}},"_links":{"self":[{"href":"https:\/\/www.windmanager.de\/wpd-windmanager-chile\/wp-json\/wp\/v2\/pages\/41095","targetHints":{"allow":["GET"]}}],"collection":[{"href":"https:\/\/www.windmanager.de\/wpd-windmanager-chile\/wp-json\/wp\/v2\/pages"}],"about":[{"href":"https:\/\/www.windmanager.de\/wpd-windmanager-chile\/wp-json\/wp\/v2\/types\/page"}],"author":[{"embeddable":true,"href":"https:\/\/www.windmanager.de\/wpd-windmanager-chile\/wp-json\/wp\/v2\/users\/2"}],"replies":[{"embeddable":true,"href":"https:\/\/www.windmanager.de\/wpd-windmanager-chile\/wp-json\/wp\/v2\/comments?post=41095"}],"version-history":[{"count":6,"href":"https:\/\/www.windmanager.de\/wpd-windmanager-chile\/wp-json\/wp\/v2\/pages\/41095\/revisions"}],"predecessor-version":[{"id":41345,"href":"https:\/\/www.windmanager.de\/wpd-windmanager-chile\/wp-json\/wp\/v2\/pages\/41095\/revisions\/41345"}],"wp:attachment":[{"href":"https:\/\/www.windmanager.de\/wpd-windmanager-chile\/wp-json\/wp\/v2\/media?parent=41095"}],"curies":[{"name":"wp","href":"https:\/\/api.w.org\/{rel}","templated":true}]}}